{"id":25,"date":"2025-05-29T14:30:06","date_gmt":"2025-05-29T14:30:06","guid":{"rendered":"https:\/\/lionsempire.pl\/?page_id=25"},"modified":"2026-03-30T22:21:45","modified_gmt":"2026-03-30T22:21:45","slug":"psychologia","status":"publish","type":"page","link":"https:\/\/lionsempire.pl\/index.php\/psychologia\/","title":{"rendered":"M.I.N.D."},"content":{"rendered":"\n<div class=\"wp-block-uagb-container uagb-block-8a17cf45 alignfull uagb-is-root-container\"><div class=\"uagb-container-inner-blocks-wrap\">\n<div class=\"wp-block-uagb-container uagb-block-fda453e7\">\n<div class=\"wp-block-uagb-container uagb-block-79db1d74\">\n<figure class=\"wp-block-image size-large\"><img loading=\"lazy\" decoding=\"async\" width=\"786\" height=\"1024\" src=\"https:\/\/lionsempire.pl\/wp-content\/uploads\/2025\/05\/DSC_1332-PSD-OK-786x1024.jpg\" alt=\"\" class=\"wp-image-77\" srcset=\"https:\/\/lionsempire.pl\/wp-content\/uploads\/2025\/05\/DSC_1332-PSD-OK-786x1024.jpg 786w, https:\/\/lionsempire.pl\/wp-content\/uploads\/2025\/05\/DSC_1332-PSD-OK-230x300.jpg 230w, https:\/\/lionsempire.pl\/wp-content\/uploads\/2025\/05\/DSC_1332-PSD-OK-768x1000.jpg 768w, https:\/\/lionsempire.pl\/wp-content\/uploads\/2025\/05\/DSC_1332-PSD-OK-1180x1536.jpg 1180w, https:\/\/lionsempire.pl\/wp-content\/uploads\/2025\/05\/DSC_1332-PSD-OK-1573x2048.jpg 1573w, https:\/\/lionsempire.pl\/wp-content\/uploads\/2025\/05\/DSC_1332-PSD-OK-scaled.jpg 1966w\" sizes=\"auto, (max-width: 786px) 100vw, 786px\" \/><\/figure>\n<\/div>\n\n\n\n<div class=\"wp-block-uagb-container uagb-block-40ebdcc7\">\n<p class=\"has-text-align-center\"><strong>Konsultacje psychologiczne<br><\/strong><\/p>\n<\/div>\n<\/div>\n\n\n\n<div class=\"wp-block-uagb-container uagb-block-fdf493b6\">\n<p>Pracuj\u0119 z m\u0119\u017cczyznami, kt\u00f3rzy, niezale\u017cnie od bran\u017cy czy etapu \u017cycia zmagaj\u0105 si\u0119 z presj\u0105, odpowiedzialno\u015bci\u0105 i codziennym stresem, a jednocze\u015bnie poszukuj\u0105 profesjonalnego wsparcia.<br>Swoje do\u015bwiadczenie zdoby\u0142em w jednej z najbardziej wymagaj\u0105cych dziedzin jak\u0105 jest sprzeda\u017c, gdzie przez 16 lat mierzy\u0142em si\u0119 z dynamicznymi zmianami, rywalizacj\u0105, nieustann\u0105 walk\u0105 o wyniki oraz konieczno\u015bci\u0105 \u0142\u0105czenia skuteczno\u015bci z umiej\u0119tno\u015bci\u0105 budowania relacji, rozwi\u0105zywania kryzys\u00f3w i radzenia sobie z nimi.<\/p>\n\n\n\n<p>Praca w sprzeda\u017cy nauczy\u0142a mnie, \u017ce niezale\u017cnie od tego, jak \u017ale si\u0119 czuj\u0119, wynik musi zosta\u0107 osi\u0105gni\u0119ty. Prywatne problemy nie mog\u0105 wp\u0142ywa\u0107 na realizacj\u0119 celu, a emocje na skuteczno\u015b\u0107. To \u015brodowisko, w kt\u00f3rym nie ma miejsca na s\u0142abo\u015b\u0107. Liczy si\u0119 rezultat, wykonane zadanie i utrzymany standard \u017cycia, cz\u0119sto bez wzgl\u0119du na cen\u0119.<\/p>\n\n\n\n<p><br>Z czasem zrozumia\u0142em, \u017ce to tak\u017ce forma sztuki aktorskiej, umiej\u0119tno\u015b\u0107 zachowania pokerowej twarzy, gdy w \u015brodku toczy si\u0119 walka. Z zewn\u0105trz kontrola, pewno\u015b\u0107 i profesjonalizm. W \u015brodku zm\u0119czenie, napi\u0119cie i nieustanna gra z samym sob\u0105.<br>Ta perspektywa pozwala mi dzi\u015b g\u0142\u0119boko rozumie\u0107 m\u0119\u017cczyzn funkcjonuj\u0105cych pod presj\u0105, tych, kt\u00f3rzy nie mog\u0105 sobie pozwoli\u0107 na chwil\u0119 s\u0142abo\u015bci, a jednocze\u015bnie czuj\u0105, \u017ce d\u0142u\u017cej nie s\u0105 w stanie utrzyma\u0107 maski.<\/p>\n\n\n\n<p>Taka \u015bcie\u017cka zawodowa uwra\u017cliwi\u0142a mnie na szereg problem\u00f3w, z kt\u00f3rymi borykaj\u0105 si\u0119 m\u0119\u017cczy\u017ani r\u00f3wnie\u017c w innych \u015brodowiskach, poczuciem odpowiedzialno\u015bci, samotno\u015bci, wyczerpaniem emocjonalnym czy trudno\u015bciami w otwartym wyra\u017caniu w\u0142asnych potrzeb i s\u0142abo\u015bci.<\/p>\n\n\n\n<p>Konsultacje, kt\u00f3re prowadz\u0119, s\u0105 skierowane tak\u017ce do m\u0119\u017cczyzn, kt\u00f3rzy nie odnajduj\u0105 si\u0119 w klasycznej formule \u201epsychoterapii\u201d, nie chc\u0105 rozmawia\u0107 o przesz\u0142o\u015bci, a ich styl \u017cycia cz\u0119sto odbiega od spo\u0142ecznych norm i ma ekstremalny charakter.<\/p>\n\n\n\n<p>Moje kompetencje pozwalaj\u0105 nie tylko zrozumie\u0107 mechanizmy m\u0119skich i zawodowych kryzys\u00f3w, ale przede wszystkim towarzyszy\u0107 w procesie odzyskiwania r\u00f3wnowagi, sprawczo\u015bci, poprawy samooceny, asertywno\u015bci, pewno\u015bci siebie i poczucia samorealizacji.<br>Kryzys m\u0119\u017cczyzny rzadko jest widoczny na pierwszy rzut oka, cz\u0119sto ukrywa si\u0119 za nadmiern\u0105 prac\u0105, oboj\u0119tno\u015bci\u0105, dra\u017cliwo\u015bci\u0105 lub dystansem wobec bliskich. W kulturze, kt\u00f3ra od lat wymaga od m\u0119\u017cczyzn si\u0142y, odporno\u015bci i skuteczno\u015bci, s\u0142abo\u015b\u0107 bywa mylona z pora\u017ck\u0105, a proszenie o pomoc, z utrat\u0105 kontroli.<br>W\u0142a\u015bnie wtedy, gdy presja i odpowiedzialno\u015b\u0107 zaczynaj\u0105 przekracza\u0107 granice ludzkiej wytrzyma\u0142o\u015bci, pojawia si\u0119 potrzeba zatrzymania, zrozumienia siebie i tego, co naprawd\u0119 si\u0119 dzieje.<\/p>\n\n\n\n<p>Dok\u0142adnie rozumiem r\u00f3\u017cne formy kryzysu pojawiaj\u0105ce si\u0119 w drodze do osi\u0105gni\u0119cia wyznaczonego celu. Pomagam tak\u017ce w sytuacjach, gdy cel wydaje si\u0119 odleg\u0142y, nierealny, a wiara w jego osi\u0105gni\u0119cie s\u0142abnie.<br>Strategicznie wspieram w wychodzeniu z kryzys\u00f3w sytuacyjnych, takich jak rozw\u00f3d, utrata pracy, k\u0142opoty zawodowe czy osobiste, kt\u00f3re w d\u0142u\u017cszej perspektywie mog\u0105 prowadzi\u0107 do stan\u00f3w depresyjnych, egzystencjalnego poczucia braku sensu, utraty motywacji czy kryzysu to\u017csamo\u015bci, w kt\u00f3rym pytanie \u201ekim jestem?\u201d przestaje mie\u0107 oczywist\u0105 odpowied\u017a.<\/p>\n\n\n\n<p>Nie prowadz\u0119 terapii uzale\u017cnie\u0144, ale rozumiem cykl i mechanizmy ucieczki oraz odreagowania presji i stresu.<br>W swojej pracy wykorzystuj\u0119 techniki psychologiczne z zakresu psychologii spo\u0142ecznej i teorii osobowo\u015bci. Bazuj\u0119 na wystandaryzowanych testach osobowo\u015bci, kt\u00f3re omawiam w praktyczny spos\u00f3b, odnosz\u0105c wyniki do realnych sytuacji \u017cyciowych i zawodowych.<br>Wieloletnia praca w sprzeda\u017cy nauczy\u0142a mnie planowania, analizy, wyznaczania cel\u00f3w, budowania trwa\u0142ych relacji, radzenia sobie z trudno\u015bciami, doskonalenia komunikacji, wyznaczania granic, samokontroli i realizowania \u015bcie\u017cki zawodowej.<\/p>\n\n\n\n<p>Celem konsultacji jest g\u0142\u0119bsze zrozumienie siebie, swoich reakcji, nawyk\u00f3w i wzorc\u00f3w zachowa\u0144. Spotkania maj\u0105 charakter praktyczny, ukierunkowany na zrozumienie sytuacji, odbudow\u0119 r\u00f3wnowagi oraz odzyskanie poczucia kontroli nad w\u0142asnym \u017cyciem.<br>Nie oceniam, towarzysz\u0119 w procesie zmian, z szacunkiem dla indywidualnego tempa, do\u015bwiadcze\u0144 i granic. Pomagam nazwa\u0107 to, co trudne i przeku\u0107 refleksj\u0119 w konkretne dzia\u0142ania, kt\u00f3re przywracaj\u0105 spok\u00f3j, pewno\u015b\u0107 siebie i sprawczo\u015b\u0107.<br>Ka\u017cde spotkanie stanowi bezpieczn\u0105 przestrze\u0144, w kt\u00f3rej mo\u017cna m\u00f3wi\u0107 wprost, bez obawy o ocen\u0119 czy etykiet\u0119.<\/p>\n\n\n\n<p>Jestem elastyczny w dzia\u0142aniu, godziny spotka\u0144, r\u00f3wnie\u017c wieczornych, dopasowuj\u0119 do potrzeb moich klient\u00f3w.<\/p>\n\n\n\n<h3 class=\"wp-block-heading\">Adnotacja prawna<\/h3>\n\n\n\n<p><strong>Uwaga:<\/strong><br>Prowadzone konsultacje nie s\u0105 form\u0105 psychoterapii.<br>Nie diagnozuj\u0119, nie lecz\u0119 zaburze\u0144 psychicznych, nie prowadz\u0119 terapii.<br>Oferuj\u0119 konsultacje rozwojowe, rozmowy pog\u0142\u0119bione oraz prac\u0119 w oparciu o standaryzowane narz\u0119dzia psychologiczne, w ramach uprawnie\u0144 wynikaj\u0105cych z tytu\u0142u magistra psychologii.<\/p>\n<\/div>\n<\/div><\/div>\n","protected":false},"excerpt":{"rendered":"<p>Konsultacje psychologiczne Pracuj\u0119 z m\u0119\u017cczyznami, kt\u00f3rzy, niezale\u017cnie od bran\u017cy czy etapu \u017cycia zmagaj\u0105 si\u0119 z presj\u0105, odpowiedzialno\u015bci\u0105 i codziennym stresem, a jednocze\u015bnie poszukuj\u0105 profesjonalnego wsparcia.Swoje do\u015bwiadczenie zdoby\u0142em w jednej z najbardziej wymagaj\u0105cych dziedzin jak\u0105 jest sprzeda\u017c, gdzie przez 16 lat mierzy\u0142em si\u0119 z dynamicznymi zmianami, rywalizacj\u0105, nieustann\u0105 walk\u0105 o wyniki oraz konieczno\u015bci\u0105 \u0142\u0105czenia skuteczno\u015bci z&hellip;&nbsp;<\/p>\n","protected":false},"author":1,"featured_media":0,"parent":0,"menu_order":0,"comment_status":"closed","ping_status":"closed","template":"","meta":{"_uag_custom_page_level_css":"","neve_meta_sidebar":"","neve_meta_container":"","neve_meta_enable_content_width":"","neve_meta_content_width":0,"neve_meta_title_alignment":"","neve_meta_author_avatar":"","neve_post_elements_order":"","neve_meta_disable_header":"","neve_meta_disable_footer":"","neve_meta_disable_title":"","footnotes":""},"class_list":["post-25","page","type-page","status-publish","hentry"],"uagb_featured_image_src":{"full":false,"thumbnail":false,"medium":false,"medium_large":false,"large":false,"1536x1536":false,"2048x2048":false,"neve-blog":false},"uagb_author_info":{"display_name":"Micha\u0142 Kaps","author_link":"https:\/\/lionsempire.pl\/index.php\/author\/admin\/"},"uagb_comment_info":0,"uagb_excerpt":"Konsultacje psychologiczne Pracuj\u0119 z m\u0119\u017cczyznami, kt\u00f3rzy, niezale\u017cnie od bran\u017cy czy etapu \u017cycia zmagaj\u0105 si\u0119 z presj\u0105, odpowiedzialno\u015bci\u0105 i codziennym stresem, a jednocze\u015bnie poszukuj\u0105 profesjonalnego wsparcia.Swoje do\u015bwiadczenie zdoby\u0142em w jednej z najbardziej wymagaj\u0105cych dziedzin jak\u0105 jest sprzeda\u017c, gdzie przez 16 lat mierzy\u0142em si\u0119 z dynamicznymi zmianami, rywalizacj\u0105, nieustann\u0105 walk\u0105 o wyniki oraz konieczno\u015bci\u0105 \u0142\u0105czenia skuteczno\u015bci z&hellip;&nbsp;","_links":{"self":[{"href":"https:\/\/lionsempire.pl\/index.php\/wp-json\/wp\/v2\/pages\/25","targetHints":{"allow":["GET"]}}],"collection":[{"href":"https:\/\/lionsempire.pl\/index.php\/wp-json\/wp\/v2\/pages"}],"about":[{"href":"https:\/\/lionsempire.pl\/index.php\/wp-json\/wp\/v2\/types\/page"}],"author":[{"embeddable":true,"href":"https:\/\/lionsempire.pl\/index.php\/wp-json\/wp\/v2\/users\/1"}],"replies":[{"embeddable":true,"href":"https:\/\/lionsempire.pl\/index.php\/wp-json\/wp\/v2\/comments?post=25"}],"version-history":[{"count":10,"href":"https:\/\/lionsempire.pl\/index.php\/wp-json\/wp\/v2\/pages\/25\/revisions"}],"predecessor-version":[{"id":323,"href":"https:\/\/lionsempire.pl\/index.php\/wp-json\/wp\/v2\/pages\/25\/revisions\/323"}],"wp:attachment":[{"href":"https:\/\/lionsempire.pl\/index.php\/wp-json\/wp\/v2\/media?parent=25"}],"curies":[{"name":"wp","href":"https:\/\/api.w.org\/{rel}","templated":true}]}}